{"id":27,"date":"2017-03-13T19:08:52","date_gmt":"2017-03-13T19:08:52","guid":{"rendered":"http:\/\/wenglan.weng-lan.de\/?page_id=27"},"modified":"2017-03-17T21:55:20","modified_gmt":"2017-03-17T21:55:20","slug":"panorama","status":"publish","type":"page","link":"http:\/\/weinzierl-ferienwohnungen.de\/?page_id=27","title":{"rendered":"Panorama"},"content":{"rendered":"<p style=\"text-align: center;\"><span style=\"font-size: 12pt; color: #000000;\">Eindr\u00fccke und Impressionen \u00fcber unser Haus und die wundersch\u00f6ne Umgebung!<\/span><\/p>\nngg_shortcode_0_placeholder\n","protected":false},"excerpt":{"rendered":"<p>Eindr\u00fccke und Impressionen \u00fcber unser Haus und die wundersch\u00f6ne Umgebung! &#8220; order_by=&#8220;sortorder&#8220; order_direction=&#8220;ASC&#8220; returns=&#8220;included&#8220; maximum_entity_count=&#8220;500&#8243;]<\/p>\n","protected":false},"author":1,"featured_media":59,"parent":0,"menu_order":0,"comment_status":"closed","ping_status":"closed","template":"","meta":{"ngg_post_thumbnail":0,"footnotes":""},"class_list":["post-27","page","type-page","status-publish","has-post-thumbnail","hentry"],"_links":{"self":[{"href":"http:\/\/weinzierl-ferienwohnungen.de\/index.php?rest_route=\/wp\/v2\/pages\/27","targetHints":{"allow":["GET"]}}],"collection":[{"href":"http:\/\/weinzierl-ferienwohnungen.de\/index.php?rest_route=\/wp\/v2\/pages"}],"about":[{"href":"http:\/\/weinzierl-ferienwohnungen.de\/index.php?rest_route=\/wp\/v2\/types\/page"}],"author":[{"embeddable":true,"href":"http:\/\/weinzierl-ferienwohnungen.de\/index.php?rest_route=\/wp\/v2\/users\/1"}],"replies":[{"embeddable":true,"href":"http:\/\/weinzierl-ferienwohnungen.de\/index.php?rest_route=%2Fwp%2Fv2%2Fcomments&post=27"}],"version-history":[{"count":0,"href":"http:\/\/weinzierl-ferienwohnungen.de\/index.php?rest_route=\/wp\/v2\/pages\/27\/revisions"}],"wp:featuredmedia":[{"embeddable":true,"href":"http:\/\/weinzierl-ferienwohnungen.de\/index.php?rest_route=\/wp\/v2\/media\/59"}],"wp:attachment":[{"href":"http:\/\/weinzierl-ferienwohnungen.de\/index.php?rest_route=%2Fwp%2Fv2%2Fmedia&parent=27"}],"curies":[{"name":"wp","href":"https:\/\/api.w.org\/{rel}","templated":true}]}}